se 2, what is 1001000100 + -11?
1001000001
In base 11, what is 6 - -7?
12
In base 9, what is -40 - -5?
-34
In base 10, what is -89 - 10?
-99
In base 7, what is -1213 + 0?
-1213
In base 3, what is -200010 - 1212?
-201222
In base 13, what is 98 - -1?
99
In base 12, what is -1a - 2?
-20
In base 3, what is 10 + 212001?
212011
In base 9, what is 8 + -44?
-35
In base 6, what is -15 + -311?
-330
In base 4, what is -2 + 103?
101
In base 7, what is 41 + -10?
31
In base 8, what is -420 + -4?
-424
In base 6, what is -12 - -421?
405
In base 8, what is 4 + 15101?
15105
In base 13, what is -a76 - -3?
-a73
In base 8, what is -247 - 53?
-322
In base 10, what is -4 + -68?
-72
In base 3, what is 210 + 21?
1001
In base 6, what is -3 - 422?
-425
In base 6, what is -23503 - 12?
-23515
In base 14, what is -b3 - 0?
-b3
In base 4, what is 3 - 22?
-13
In base 5, what is 3434204 + 3?
3434212
In base 16, what is 4 + 1a?
1e
In base 2, what is -10 + -101100?
-101110
In base 16, what is 1 + -2d?
-2c
In base 3, what is -1100 - 0?
-1100
In base 2, what is 1110 + 1010110000?
1010111110
In base 12, what is -64 - -6?
-5a
In base 16, what is -ec - -2?
-ea
In base 10, what is -67 - -3?
-64
In base 11, what is 7190 - -1?
7191
In base 10, what is 6 - 108?
-102
In base 2, what is -10 + 10110010?
10110000
In base 10, what is 3 + 55?
58
In base 14, what is -3863 + 0?
-3863
In base 8, what is -661 + 5?
-654
In base 5, what is -2 + 20?
13
In base 6, what is 2 + -5?
-3
In base 8, what is 31 + -1?
30
In base 5, what is -333 + -23?
-411
In base 7, what is -10 - 62?
-102
In base 4, what is 11020 - -1?
11021
In base 11, what is 2 + 40?
42
In base 10, what is 134 - 35?
99
In base 4, what is 10 - -110023?
110033
In base 12, what is -71b - 3?
-722
In base 9, what is 57 - 1?
56
In base 13, what is -25 - -68?
43
In base 8, what is -2034 + -4?
-2040
In base 13, what is 2674 - -1?
2675
In base 12, what is -2 - -17?
15
In base 16, what is 3 + 60b?
60e
In base 10, what is 1 - 5401?
-5400
In base 2, what is 100 + -1000100000001?
-1000011111101
In base 13, what is 273 + -6?
26a
In base 7, what is 5 - 112?
-104
In base 12, what is 360 - 2?
35a
In base 3, what is -1122001 - 101?
-1122102
In base 16, what is -720 - 4?
-724
In base 2, what is 11011 - -1110?
101001
In base 3, what is 1211220 + 1?
1211221
In base 14, what is -2d7 - 3?
-2da
In base 15, what is -25 - 32?
-57
In base 7, what is -5 - -42?
34
In base 15, what is -3 + 2e6?
2e3
In base 9, what is 56 - -4?
61
In base 4, what is -22 + -3122?
-3210
In base 7, what is 34 + -11?
23
In base 5, what is 10342 + 0?
10342
In base 9, what is 10 - 278?
-268
In base 2, what is -110010000010 + -10?
-110010000100
In base 12, what is 5 - 1027?
-1022
In base 7, what is 3 - -214?
220
In base 16, what is 9d - 2d?
70
In base 12, what is -2 - -69?
67
In base 5, what is 20 - 4244?
-4224
In base 11, what is -44a - -2?
-448
In base 7, what is -25 - 30?
-55
In base 12, what is 8 + -355?
-349
In base 16, what is b + 12?
1d
In base 13, what is -1 + 113?
112
In base 4, what is -310 + 200?
-110
In base 15, what is c - -86?
93
In base 3, what is -21002 + -11?
-21020
In base 11, what is 305 - 0?
305
In base 9, what is -34 - -2?
-32
In base 7, what is 3416 - 1?
3415
In base 7, what is -30 - -466?
436
In base 12, what is -65 + 246?
1a1
In base 7, what is -20 + 321?
301
In base 2, what is -1100001 + 1010?
-1010111
In base 14, what is 3 - 93?
-90
In base 13, what is 505 + 5?
50a
In base 2, what is -10 - 10010?
-10100
In base 8, what is 16 - 15?
1
In base 10, what is 305 + -10?
295
In base 11, what is 191 - -2?
193
In base 15, what is 4 + 538?
53c
In base 3, what is -11 - -200202?
200121
In base 12, what is -2 + -48?
-4a
In base 9, what is -5373 - 3?
-5376
In base 9, what is 3 - -5?
8
In base 5, what is -110 - -342?
232
In base 5, what is 1 + 32?
33
In base 9, what is 7031 + -5?
7025
In base 15, what is -120 + 1b?
-104
In base 14, what is 4 + a?
10
In base 9, what is -5 - 530?
-535
In base 14, what is 1a + -3d?
-23
In base 9, what is -2 + -25?
-27
In base 9, what is 15 + 74?
100
In base 10, what is -1 - 363?
-364
In base 9, what is -88 - 32?
-131
In base 10, what is -2 - 1360?
-1362
In base 5, what is -4 + 1040?
1031
In base 2, what is 1 + 10010101?
10010110
In base 2, what is -1010001110 + 1?
-1010001101
In base 2, what is 100001001100 - 100?
100001001000
In base 4, what is 21 + -2?
13
In base 10, what is 357 - -53?
410
In base 9, what is 5 - 5771?
-5765
In base 5, what is -1341 + -132?
-2023
In base 12, what is 377b + -2?
3779
In base 7, what is 0 + -4?
-4
In base 12, what is 2b48 + 1?
2b49
In base 2, what is 11 + 1001011100?
1001011111
In base 9, what is 11 + 1177?
1188
In base 9, what is -50 - -160?
110
In base 7, what is -14 + -11?
-25
In base 4, what is 122 + 10?
132
In base 8, what is -1 - 20?
-21
In base 2, what is 10111 + 100?
11011
In base 6, what is 420 + -441?
-21
In base 2, what is -11011 - 100010001?
-100101100
In base 16, what is 11 - 305?
-2f4
In base 10, what is 19 - 54?
-35
In base 15, what is 20d8 + -4?
20d4
In base 13, what is 8 + -1?
7
In base 6, what is 15 - -21?
40
In base 14, what is 0 + -34?
-34
In base 6, what is -103 - -12?
-51
In base 7, what is 6 - 5?
1
In base 9, what is -1 + 3174?
3173
In base 10, what is -766 - -4?
-762
In base 2, what is 0 - 11010001?
-11010001
In base 9, what is 0 + -1732?
-1732
In base 5, what is 10 - 12?
-2
In base 10, what is -1 + -2845?
-2846
In base 16, what is 1d + 14?
31
In base 2, what is 100 - -10001001011?
10001001111
In base 6, what is -110 + 40?
-30
In base 2, what is -101010010 - 101001?
-101111011
In base 14, what is 36 - -4?
3a
In base 4, what is 32 + -131?
-33
In base 15, what is 4 - 203?
-1ee
In base 7, what is -6 - 1?
-10
In base 9, what is -1644 - -2?
-1642
In base 12, what is -39 - 17?
-54
In base 6, what is -3 + 5320?
5313
In base 5, what is -20410 - -10?
-20400
In base 10, what is 1732 + -4?
1728
In base 8, what is 4745 - 2?
4743
In base 10, what is -459 + 0?
-459
In base 5, what is -24 - 1?
-30
In base 4, what is 2 + 30013?
30021
In base 12, what is 2 - -851?
853
In base 15, what is 40 + -62?
-22
In base 12, what is -20 + 33?
13
In base 9, what is -2 - 1?
-3
In base 2, what is 10010 + 11?
10101
In base 16, what is -1f0 + 16?
-1da
In base 8, what is -5 - 102?
-107
In base 4, what is 0 + 22001?
22001
In base 9, what is -2 + -181?
-183
In base 13, what is -3 - -45?
42
In base 3, what is -101 + -22012?
-22120
In base 15, what is 19 - 0?
19
In base 3, what is -1221 - -1?
-1220
In base 5, what is 112120 - 11?
112104
In base 10, what is 2 - -9?
11
In base 8, what is 617 - 3?
614
In base 7, what is 0 + -43?
-43
In base 11, what is -26 - 18?
-43
In base 2, what is 11111 + -1010101?
-110110
In base 13, what is 6 - -21a?
223
In base 10, what is 4 + 159?
163
In base 13, what is -3 + 3b0?
3aa
In base 6, what is 3 - -10155?
10202
In base 5, what is -10022 - -30?
-4442
In base 4, what is -10 + -311?
-321
In base 15, what is 28 + 2?
2a
In base 6, what is 4 - 13001?
-12553
In base 9, what is 82 - 105?
-13
In base 13, what is -2 + -b4?
-b6
In base 7, what is -123 - 1?
-124
In base 13, what is -2 + -5?
-7
In base 3, what is -102 - -1111?
1002
In base 4, what is -1 - -100?
33
In base 2, what is -11011010 - 101?
-11011111
In base 13, what is -3690 + -2?
-3692
In base 14, what is 4 - -b?
11
In base 3, what is 111121 + 10?
111201
In base 8, what is 16403 - -1?
16404
In base 7, what is 3 + 125?
131
In base 6, what is 31 - -45?
120
In base 10, what is -3 - 65?
-68
In base 6, what is -2451 - -5?
-2442
In base 3, what is -10102 + -100?
-10202
In base 12, what is 48 - -27?
73
In base 13, what is -2c - -14?
-18
In base 10, what is -2 - -2511?
2509
In base 5, what is -124 - 1?
-130
In base 16, what is b + 8?
13
In base 3, what is -10001 - -10?
-2221
In base 7, what is -16 + 3?
-13
In base 16, what is -1cc - 4?
-1d0
In base 6, what is -12233 + 12?
-12221
In base 7, what is -1 + 5?
4
In base 16, what is -1 - 48?
-49
In base 7, what is 5 + -3334?
-3326
In base 2, what is -1110 - -10101011?
10011101
In base 5, what is -4313 + -10?
-4323
In base 4, what is 100203 + -10?
100133
In base 16, what is 239 - 2?
237
In base 7, what is 2 + -126?
-124
In base 15, what is -6 - -7c?
76
In base 16, what is -2 - 357?
-359
In base 8, what is -45 + -1?
-4